multiple of 27?
True
Is 10 a factor of 3908?
False
Does 32 divide 950?
False
Is 1870 a multiple of 36?
False
Is 34 a factor of 331?
False
Does 19 divide 1406?
True
Is 16932 a multiple of 34?
True
Does 85 divide 873?
False
Does 39 divide 805?
False
Does 34 divide 43860?
True
Is 19660 a multiple of 5?
True
Is 20 a factor of 11817?
False
Is 6 a factor of 910?
False
Is 56 a factor of 616?
True
Does 139 divide 14734?
True
Does 37 divide 69856?
True
Is 1408 a multiple of 128?
True
Is 90 a factor of 16412?
False
Is 7 a factor of 108?
False
Is 76 a factor of 11476?
True
Is 1872 a multiple of 24?
True
Is 87555 a multiple of 19?
False
Is 3174 a multiple of 73?
False
Is 186 a factor of 22878?
True
Is 37568 a multiple of 32?
True
Is 948 a multiple of 3?
True
Does 2 divide 1328?
True
Is 11142 a multiple of 18?
True
Does 25 divide 2685?
False
Is 9360 a multiple of 60?
True
Is 13570 a multiple of 58?
False
Is 352 even?
True
Does 6 divide 1452?
True
Does 54 divide 86022?
True
Is 550 a multiple of 11?
True
Does 53 divide 636?
True
Is 12 a factor of 912?
True
Is 784 a multiple of 16?
True
Is 11856 a multiple of 38?
True
Is 4226 a multiple of 84?
False
Does 23 divide 51336?
True
Is 17 a factor of 11524?
False
Is 12 a factor of 832?
False
Does 105 divide 10631?
False
Does 21 divide 1698?
False
Is 940 a multiple of 104?
False
Does 9 divide 3040?
False
Is 7941 a multiple of 34?
False
Does 10 divide 4200?
True
Does 35 divide 525?
True
Is 414 a multiple of 3?
True
Is 803 a multiple of 11?
True
Is 46 a factor of 8050?
True
Is 34 a factor of 6698?
True
Does 32 divide 2348?
False
Is 15 a factor of 3585?
True
Is 13106 a multiple of 3?
False
Is 314 even?
True
Is 86 a factor of 20942?
False
Is 13 a factor of 3094?
True
Does 12 divide 1685?
False
Is 54 a multiple of 9?
True
Does 11 divide 6871?
False
Is 21546 a multiple of 14?
True
Is 231 a multiple of 11?
True
Does 14 divide 378?
True
Is 6 a factor of 1987?
False
Does 9 divide 657?
True
Is 33 a factor of 4078?
False
Does 94 divide 3131?
False
Is 592 a multiple of 4?
True
Does 29 divide 1477?
False
Is 2 a factor of 2539?
False
Is 7 a factor of 364?
True
Is 34 a factor of 204?
True
Is 13 a factor of 18746?
True
Is 4725 a multiple of 105?
True
Is 57362 a multiple of 43?
True
Is 94 a factor of 1692?
True
Is 60 a factor of 11005?
False
Is 67 a factor of 18068?
False
Is 6 a factor of 113?
False
Is 54 a factor of 56214?
True
Is 3622 a multiple of 5?
False
Is 8430 a multiple of 15?
True
Does 24 divide 415?
False
Is 14421 a multiple of 25?
False
Is 7322 a multiple of 7?
True
Is 96 a multiple of 5?
False
Does 15 divide 135?
True
Is 5 a factor of 405?
True
Is 769 a multiple of 98?
False
Is 14 a factor of 3514?
True
Is 25 a factor of 625?
True
Does 9 divide 261?
True
Is 55176 a multiple of 152?
True
Does 52 divide 23543?
False
Is 11038 a multiple of 79?
False
Is 10 a factor of 610?
True
Is 3824 a multiple of 29?
False
Is 28 a factor of 336?
True
Is 92 a factor of 5060?
True
Does 2 divide 645?
False
Does 6 divide 57?
False
Is 7 a factor of 75?
False
Does 8 divide 34600?
True
Does 8 divide 874?
False
Is 437 a multiple of 26?
False
Is 4 a factor of 188?
True
Does 121 divide 2662?
True
Does 18 divide 23688?
True
Is 29393 a multiple of 7?
True
Does 64 divide 214?
False
Is 1173 a multiple of 23?
True
Is 3240 a multiple of 60?
True
Does 95 divide 14630?
True
Is 2907 a multiple of 9?
True
Is 19241 a multiple of 3?
False
Does 25 divide 254?
False
Is 77140 a multiple of 28?
True
Is 35 a factor of 9277?
False
Is 168 a multiple of 14?
True
Does 20 divide 540?
True
Does 5 divide 2318?
False
Does 62 divide 21349?
False
Is 28 a factor of 11368?
True
Is 60 a factor of 6240?
True
Is 3969 a multiple of 13?
False
Does 94 divide 24962?
False
Does 39 divide 897?
True
Is 758 a multiple of 15?
False
Is 42686 a multiple of 34?
False
Is 74 a factor of 5474?
False
Is 52 a factor of 8580?
True
Does 51 divide 816?
True
Does 53 divide 1166?
True
Is 1100 a multiple of 22?
True
Does 81 divide 648?
True
Is 10 a factor of 25240?
True
Is 200 a multiple of 40?
True
Is 5250 a multiple of 105?
True
Is 4320 a multiple of 9?
True
Does 20 divide 400?
True
Does 85 divide 164645?
True
Is 12730 a multiple of 22?
False
Is 1580 a multiple of 20?
True
Is 34 a factor of 102?
True
Is 26622 a multiple of 17?
True
Does 6 divide 27484?
False
Is 32628 a multiple of 12?
True
Does 19 divide 2621?
False
Is 836 a multiple of 22?
True
Is 12 a factor of 323?
False
Is 2 a factor of 186?
True
Is 10 a factor of 4570?
True
Is 76 a factor of 8740?
True
Is 31044 a multiple of 190?
False
Does 21 divide 861?
True
Does 39 divide 78?
True
Does 32 divide 18656?
True
Does 95 divide 6840?
True
Is 19 a factor of 46626?
True
Is 1368 a multiple of 114?
True
Does 8 divide 29505?
False
Is 86 a factor of 27692?
True
Is 7656 a multiple of 66?
True
Is 21 a factor of 15212?
False
Is 19 a factor of 1482?
True
Is 28103 a multiple of 179?
True
Does 137 divide 16440?
True
Does 29 divide 11571?
True
Is 15 a factor of 11335?
False
Is 11 a factor of 2138?
False
Does 2 divide 3352?
True
Is 42 a factor of 2142?
True
Is 38 a factor of 131072?
False
Is 103 a factor of 24587?
False
Is 2408 a multiple of 56?
True
Is 33339 a multiple of 97?
False
Is 34 a factor of 37910?
True
Does 4 divide 1279?
False
Is 13 a factor of 54732?
False
Is 136 a factor of 3779?
False
Is 20813 a multiple of 13?
True
Is 65 a factor of 11050?
True
Is 115 a factor of 13800?
True
Is 41 a factor of 1886?
True
Is 13 a factor of 60952?
False
Is 5 a factor of 386?
False
Does 49 divide 490?
True
Is 24 a factor of 1078?
False
Is 43 a factor of 2408?
True
Is 10 a factor of 1328?
False
Is 2592 a multiple of 44?
False
Is 1491 a multiple of 114?
False
Is 12 a factor of 404?
False
Is 32 a factor of 7936?
True
Does 14 divide 378?
True
Does 19 divide 2546?
True
Does 101 divide 17924?
False
Is 43 a factor of 10277?
True
Does 52 divide 1016?
False
Is 18 a factor of 2448?
True
Does 27 divide 5913?
True
Is 29 a factor of 933?
False
Is 344 a multiple of 8?
True
Is 2158 a multiple of 20?
False
Is 1508 a multiple of 36?
False
Does 52 divide 3900?
True
Does 7 divide 532?
True
Is 3724 a multiple of 14?
True
Is 455 a multiple of 5?
True
Does 153 divide 635?
False
Does 9 divide 369?
True
Is 480 a multiple of 15?
True
Is 6336 a multiple of 88?
True
Is 38916 a multiple of 23?
True
Is 8010 a multiple of 15?
True
Is 2 a factor of 5569?
False
Does 2 divide 419?
False
Does 38 divide 10526?
True
Does 416 divide 74880?
True
Is 6 a factor of 375?
False
Is 1045 a multiple of 15?
False
Is 47 a factor of 188?
True
Is 11503 a multiple of 8?
False
Does 70 divide 3500?
True
Is 69 a factor of 1219?
False
Is 49 a factor of 4568?
False
Is 63 a factor of 52353?
True
Is 37 a factor of 2923?
True
Is 6099 a multiple of 20?
False
Is 1343 a multiple of 46?
False
Does 13 divide 3685?
False
Is 25 a factor of 53075?
True
Is 17 a factor of 2402?
False
Is 72148 a multiple of 68?
True
Is 15 a factor of 13029?
False
Does 8 divide 10297?
False
Is 7 a factor of 734?
False
Does 30 divide 1353?
False
Does 20 divide 2979?
False
Is 24076 a multiple of 52?
True
Is 8 a factor of 2612?
False
Is 4 a factor of 200?
True
Is 24413 a multiple of 38?
False
Does 12 divide 15959?
False
Does 46 divide 782?
True
Does 42 divide 99246?
True
Does 3 divide 25224?
True
Does 13 divide 4758?
True
Does 107 divide 3342?
False
Is 17 a factor of 63?
False
Is 8 a multiple of 4?
True
Is 27 a factor of 297?
True
Does 12 divide 528?
True
Is 1012 a multiple of 92?
True
Is 42514 a multiple of 98?
False
Is 93 a multiple of 6?
False
Does 11 divide 6336?
True
Is 19665 a multiple of 38?
False
Does 35 divide 119840?
True
Does 11 divide 8151?
True
Does 66 divide 528?
True
Is 5982 a multiple of 81?
False
Is 8944 a multiple of 104?
True
Is 9 a factor of 412?
False
Is 21 a factor of 39302?
False
Is 25518 a multiple of 32?
False
Is 22 a factor of 315?
False
Is 13 a factor of 5494?
False
Does 5 divide 910?
True
Is 22 a factor of 396?
True
Does 5 divide 2200?
True
Is 13 a factor of 36290?
False
Is 23016 a multiple of 14?
True
Is 240 a multiple of 15?
True
Does 107 divide 1177?
True
Is 91 a multiple of 5?
False
Does 50 divide 5050?
True
Does 19 divide 805?
False
Does 28 divide 84?
True
Is 528 a multiple of 66?
True
Is 80 a factor of 30000?
True
Is 13